 (base 2) in base 3?
212210
Convert -444 (base 8) to base 14.
-16c
53c (base 14) to base 10
1034
-21212 (base 5) to base 2
-10110011000
What is a1a4 (base 11) in base 9?
20520
Convert -335 (base 14) to base 15.
-2c5
10101110100101 (base 2) to base 7
44401
Convert -100121111 (base 4) to base 8.
-203125
Convert -1100 (base 8) to base 15.
-286
-1355 (base 6) to base 14
-1b9
204 (base 6) to base 5
301
What is 11430 (base 6) in base 11?
1292
-412234 (base 5) to base 12
-7944
Convert -74437 (base 8) to base 11.
-21329
Convert -4680 (base 9) to base 16.
-d92
What is 2955 (base 15) in base 4?
2022113
Convert -2166 (base 7) to base 16.
-30f
a1 (base 13) to base 8
203
What is 463 (base 9) in base 16?
17d
What is 20111 (base 10) in base 9?
30525
-2635 (base 10) to base 11
-1a86
Convert -bb (base 16) to base 14.
-d5
-16110 (base 7) to base 5
-121030
What is -62 (base 10) in base 2?
-111110
What is 22de (base 16) in base 8?
21336
What is -10111110111 (base 2) in base 3?
-2002120
-303 (base 14) to base 13
-366
What is -39c (base 13) in base 11?
-529
What is -2355 (base 7) in base 10?
-873
Convert 40341 (base 6) to base 8.
12305
What is 56 (base 14) in base 10?
76
Convert 12032 (base 4) to base 2.
110001110
What is -13208 (base 11) in base 4?
-10213010
What is 49ca (base 14) in base 3?
122201110
What is 2146 (base 9) in base 11?
1208
483b (base 12) to base 11
6104
What is -10000010101010 (base 2) in base 13?
-3a63
What is -1020 (base 9) in base 6?
-3243
Convert -1202121 (base 4) to base 13.
-2b35
Convert 1621 (base 7) to base 13.
3b2
What is -2377 (base 12) in base 10?
-3979
What is a536 (base 14) in base 10?
28468
-48001 (base 9) to base 3
-1122000001
What is 10a6 (base 14) in base 4?
231022
What is -88 (base 13) in base 7?
-220
3aa03 (base 11) to base 12
299a6
Convert -111000011100 (base 2) to base 8.
-7034
-10bb (base 15) to base 13
-1802
What is 232 (base 16) in base 11?
471
Convert -25a (base 16) to base 5.
-4402
What is -31142 (base 5) in base 14?
-a63
What is -1212122 (base 3) in base 7?
-3662
20222210 (base 3) to base 13
2421
Convert -16af (base 16) to base 5.
-141212
Convert 22 (base 6) to base 2.
1110
What is -35623 (base 7) in base 8?
-22015
What is 12026 (base 7) in base 11?
2375
Convert 3361 (base 8) to base 14.
90d
-511311 (base 6) to base 8
-117073
Convert -100353 (base 7) to base 3.
-212022100
What is 7127 (base 8) in base 14?
14a3
What is -200020 (base 3) in base 16?
-1ec
Convert -302216 (base 7) to base 6.
-1033042
What is -11443 (base 8) in base 7?
-20166
Convert 5cb (base 13) to base 2.
1111110100
What is 5449 (base 14) in base 12?
8521
Convert -26971 (base 12) to base 10.
-53221
Convert -230233 (base 4) to base 11.
-2173
Convert -1100201 (base 3) to base 6.
-4331
What is 1644 (base 7) in base 12?
479
What is -4ec (base 16) in base 8?
-2354
-43415 (base 6) to base 15
-1b92
13a2 (base 15) to base 6
31242
-b9b (base 12) to base 10
-1703
Convert 4144 (base 6) to base 2.
1110100000
Convert -44e4 (base 15) to base 8.
-34426
What is -10101 (base 5) in base 16?
-28b
Convert -b78 (base 14) to base 11.
-1777
17 (base 12) to base 8
23
-5165 (base 7) to base 13
-a94
Convert -20302231 (base 4) to base 6.
-434421
Convert -105153 (base 7) to base 5.
-1043414
-10203111 (base 4) to base 14
-6b1b
What is 1030 (base 9) in base 13?
462
What is -12220110 (base 3) in base 16?
-10d1
What is 434 (base 16) in base 6?
4552
Convert -3073 (base 13) to base 10.
-6685
Convert -50105 (base 6) to base 12.
-3935
5334 (base 7) to base 9
2526
Convert c5b (base 13) to base 15.
954
Convert 5441 (base 7) to base 16.
794
What is 3264 (base 11) in base 7?
15360
Convert 454 (base 13) to base 8.
1351
Convert 797 (base 13) to base 6.
10015
What is -11404 (base 5) in base 11?
-707
What is 21101 (base 3) in base 16?
c7
6712 (base 8) to base 15
10a5
What is -1e (base 16) in base 4?
-132
1564 (base 9) to base 14
612
337 (base 9) to base 2
100010101
-101101111 (base 2) to base 6
-1411
What is 112213 (base 4) in base 3?
1222121
What is 4106 (base 7) in base 14?
73d
Convert 20133 (base 4) to base 11.
454
What is -bbf (base 16) in base 13?
-14a4
-14301 (base 13) to base 15
-b33c
What is -98 (base 13) in base 2?
-1111101
What is 67d0 (base 15) in base 14?
804c
What is -21943 (base 14) in base 11?
-5617a
Convert -339 (base 14) to base 13.
-3a2
What is 50 (base 7) in base 3?
1022
Convert -587b (base 15) to base 3.
-221202222
-b98 (base 13) to base 14
-a1a
What is -2c79 (base 13) in base 3?
-22221120
Convert -2339 (base 15) to base 13.
-3534
What is 70b7 (base 14) in base 11?
13609
-115 (base 7) to base 4
-331
13526 (base 7) to base 8
7157
-a631 (base 13) to base 5
-1214044
333243 (base 6) to base 10
27963
What is -726 (base 13) in base 8?
-2277
1467 (base 11) to base 9
2527
What is -1352 (base 6) in base 12?
-258
What is 17119 (base 11) in base 15?
7219
Convert 1034303 (base 5) to base 13.
82c8
Convert -299 (base 10) to base 4.
-10223
12355 (base 6) to base 4
131033
What is -21011021 (base 3) in base 16?
-1462
30432 (base 5) to base 11
1551
Convert -3398 (base 12) to base 2.
-1011001100100
Convert -136541 (base 7) to base 8.
-63346
-1082 (base 12) to base 4
-130202
Convert -32 (base 11) to base 8.
-43
What is -cf (base 16) in base 2?
-11001111
-2104 (base 7) to base 6
-3231
What is 5583 (base 15) in base 9?
26766
Convert 4f52 (base 16) to base 15.
603b
What is 18d (base 15) in base 5?
2413
What is -24d (base 14) in base 6?
-2045
Convert -147 (base 12) to base 10.
-199
623 (base 9) to base 11
421
Convert 442 (base 9) to base 4.
11222
Convert 1c373 (base 13) to base 4.
31203212
Convert 5447 (base 12) to base 16.
2437
-200000020 (base 3) to base 13
-5c8b
-2e0 (base 16) to base 8
-1340
Convert 43017 (base 8) to base 4.
10120033
3444 (base 7) to base 9
1646
10110010111 (base 2) to base 8
2627
Convert -6452 (base 8) to base 5.
-101440
Convert -114421 (base 7) to base 9.
-31461
Convert b8 (base 14) to base 9.
200
Convert 2114 (base 6) to base 16.
1de
Convert -10224 (base 5) to base 13.
-410
What is -4853 (base 14) in base 4?
-3011021
Convert -1307a (base 11) to base 9.
-27611
Convert -1e2 (base 15) to base 3.
-121012
What is -1806 (base 9) in base 11?
-1048
12320 (base 4) to base 2
110111000
Convert 273 (base 14) to base 11.
409
What is -224 (base 6) in base 2?
-1011000
81 (base 16) to base 6
333
1303 (base 8) to base 4
23003
-28 (base 13) to base 5
-114
2464 (base 7) to base 8
1640
What is -1338 (base 9) in base 6?
-4355
What is 10101111100111 (base 2) in base 3?
120102021
What is -13861 (base 13) in base 3?
-1212011221
141130 (base 5) to base 6
42450
Convert 1232 (base 13) to base 12.
15a8
-31220 (base 6) to base 15
-1393
Convert -202213 (base 4) to base 13.
-1015
-ba3 (base 12) to base 4
-122223
10134 (base 5) to base 6
3033
649 (base 12) to base 8
1631
58168 (base 10) to base 15
1237d
25820 (base 9) to base 10
17433
55 (base 14) to base 5
300
What is -1103 (base 9) in base 10?
-813
Convert -102100 (base 3) to base 12.
-216
Convert 202111 (base 3) to base 6.
2321
-a79 (base 13) to base 4
-123332
Convert -54 (base 12) to base 5.
-224
What is -308 (base 13) in base 15?
-245
What is -b0 (base 13) in base 3?
-12022
Convert 5538 (base 12) to base 15.
2bbe
-10001100001011100 (base 2) to base 11
-49a18
7413 (base 8) to base 2
111100001011
3323100 (base 4) to base 3
211001120
What is 211 (base 5) in base 4?
320
10a (base 13) to base 5
1204
Convert -11234 (base 5) to base 8.
-1463
-6681 (base 9) to base 14
-1b25
Convert 1500 (base 6) to base 8.
614
-1602 (base 11) to base 8
-4013
What is -6906 (base 10) in base 6?
-51550
705 (base 10) to base 6
3133
401344 (base 5) to base 15
3b84
Convert 2432 (base 12) to base 13.
1b11
Convert -764 (base 8) to base 6.
-2152
Convert 300221 (base 5) to base 2.
10010011011100
What is -6165 (base 7) in base 16?
-86a
Convert -110001110100 (base 2) to base 4.
-301310
Convert 120260 (base 7) to base 14.
7cd7
990 (base 11) to base 2
10010100100
26853 (base 10) to base 12
13659
What is 1026 (base 14) in base 8?
5332
What is 1254 (base 9) in base 7?
2512
What is -2020 (base 15) in base 10?
-6780
Convert 1001101111 (base 2) to base 11.
517
Convert -11d5 (base 15) to base 16.
-ed8
100111111111000 (base 2) to base 12
ba20
-15723 (base 11) to base 6
-250344
Convert -120321 (bas